 7*d**2/2 - 6*d. Let g be f(7). Let r(a) = -a - 7. Give r(g).
-7
Let l(a) = 2*a + 1. Let f(q) = 3*q + 1. Suppose 3*p - p + i = -10, -2*i = -3*p - 15. Let h(z) = p*l(z) + 4*f(z). Determine h(4).
7
Suppose -c + 5*c + 48 = 0. Let q = 7 + c. Let w(x) = x**3 + 5*x**2 + 2*x + 7. Determine w(q).
-3
Let c(k) = 1. Let b(r) = r**2 + 7*r + 4. Let j(o) = -b(o) + c(o). Determine j(-6).
3
Let i(f) = 2*f**2 + f - 1. Let k(o) = -13*o**2 - 7*o + 9. Let b(v) = 6*i(v) + k(v). Suppose 7*w - 2*w = 0. What is b(w)?
3
Let g(i) = -i**2 - 9*i - 10. Let f(v) = -v - 2. Let o be f(-1). Let l be (-14)/8*(5 + o). What is g(l)?
4
Let c(r) = -r**3 - 5*r**2. Suppose -4*x = 0, -2 = -2*d + 3*d + 3*x. Let p be (-6)/(2 + 0) + d. Calculate c(p).
0
Let x(w) be the second derivative of -w**7/2520 + w**6/720 - 2*w**4/3 + 3*w. Let o(p) be the third derivative of x(p). Calculate o(3).
-6
Suppose 0 = -24*d + 27*d - 3. Let f(t) = -4*t**2 + 1. Determine f(d).
-3
Let v(n) = -5*n**3 - 29*n**2 + 3*n + 9. Let s(c) = -c**3 - 7*c**2 + c + 2. Let f(j) = 9*s(j) - 2*v(j). Determine f(4).
-4
Suppose -2*q - 3*q - 3*a = 64, -48 = 3*q - 3*a. Let l = q - -21. Suppose l*f - 3*f - 16 = 0. Let u(x) = x**3 - 4*x**2 - x. Give u(f).
-4
Let i = 2 + -5. Let x(h) = 12*h - 14*h - 1 - 3. Calculate x(i).
2
Let g be (-11)/(-5) + 4/(-20). Let l(o) = o - 4*o**2 + 1 - 4*o**2 + 5*o**g + 0. What is l(-1)?
-3
Let l = -103 - -111. Let y(k) = -k**3 + 7*k**2 + 9*k + 1. Calculate y(l).
9
Let o(q) = q + 3. Let y(r) = -9*r - 17. Let p = 9 + -4. Let k(n) = 4*n + 8. Let v(d) = p*k(d) + 2*y(d). Let g(b) = 11*o(b) - 6*v(b). What is g(5)?
-8
Suppose -p + 13 = q + 4*q, -3*p = -q + 25. Let o(h) = -2*h - 10. Let g(y) = -y - 5. Let t(w) = -5*g(w) + 3*o(w). What is t(p)?
2
Let p(r) = 2*r**2 + 1. Let q(c) = c**3 - 19*c**2 + c - 18. Let f be q(19). What is p(f)?
3
Let y(d) be the first derivative of -5*d + 1/2*d**2 + 4. What is y(0)?
-5
Let w(g) = -g**3 + 3*g**2 + g + 2. Suppose 0*v - 4*v = 20, -31 = -3*h + 5*v. Give w(h).
8
Let y(a) = -29 - 3*a + 17 + 16. Let l = 6 - 2. Determine y(l).
-8
Let k(l) = l**2 + 3*l + 2. Let w be -2 + 4*-1 + 2. Calculate k(w).
6
Let p(v) = -3*v - 5. Let c(b) be the third derivative of -b**4/8 - 2*b**3/3 - b**2. Let x(g) = 4*c(g) - 3*p(g). Calculate x(-2).
5
Let z(y) = -y**2 + 0*y**2 + 6*y + 2*y**2 + 16 - 10. What is z(-6)?
6
Let f(p) = 574 + p + p**2 - p**3 + 3*p**2 - 573. Give f(4).
5
Let o(r) = -2*r**2 - 6*r + 1. Let b(q) = -q**2 - 3*q + 1. Let x(k) = -13*b(k) + 6*o(k). Let j be x(-5). Let p(s) = -s**2 + 6*s - 4. What is p(j)?
5
Let q(a) = -3*a**2 + 8*a**3 - a + 5*a**2 - a**2. Suppose 0 = -0*k + k + 4. Let h(x) = -x**3 - 4*x**2 + x + 5. Let g be h(k). Calculate q(g).
8
Let d(f) be the second derivative of f**3/6 + 3*f**2 - 36*f - 2. Determine d(-4).
2
Let y(m) = -2*m**3 + 2*m + 4. Let v be y(0). Let t(d) = -2*d**2 + 2*d - 1. Give t(v).
-25
Let w(s) = -2 + s - 2 + 3. Let y = 12 + -12. Give w(y).
-1
Let x(i) = i**3 - i**2 - 3. Let v(u) = -u**3 + 5*u**2 + 2*u - 5. Let m be v(5). Suppose d = -w - 4 + 3, 4*d = -5*w - m. Determine x(d).
-3
Suppose 5*v - 3*v = 0. Let i(l) be the third derivative of l**3 - l**2 + 1/60*l**5 - 1/24*l**4 - 1/120*l**6 + 0*l + 0. Calculate i(v).
6
Let z(s) = s - 3. Suppose 0 = -3*g + 4*g. Give z(g).
-3
Suppose -5*j + 36 + 29 = 0. Suppose -5*t - j = 3*y, -2*t + 2*y = -3*y - 1. Let w(k) = -k**2 - 3*k - 3. Give w(t).
-1
Let x(p) = -4*p**2 + 3*p**2 - 5 + 3*p**2 - p - 3*p**2. Calculate x(0).
-5
Let h(a) = -4*a - 2. Let y = 3 - 1. Let f(w) = -2*w - y - 5 + 6. Let x(b) = 13*f(b) - 6*h(b). Give x(-2).
3
Suppose -3*o - 21 + 76 = 4*f, -5*o - f + 86 = 0. Suppose 0 = -3*i + 1 + o. Suppose 16 = 2*z - i*z. Let l(d) = d**2 + 4*d - 5. Determine l(z).
-5
Let n(y) = 2*y - 3*y - 4 + y**2 - 2*y**2. Suppose -25*k = -26*k. Give n(k).
-4
Let m(u) = -9*u - u**2 - 8 - u + 2*u. Let g be (-10)/1 + 12/3. What is m(g)?
4
Let m(d) = d**2 + 2*d - 1. Let f(h) = -h - 1. Let g(z) = f(z) + m(z). Let v = -1 + -1. Calculate g(v).
0
Let w(n) = 14*n - n**2 - 1 + 18*n - 28*n. Calculate w(4).
-1
Let f be (-58)/(-8) - 10/40. Let b(g) = -2*g + 6. Calculate b(f).
-8
Let o(s) = -s**2 + 5*s + 6. Let i be o(5). Suppose i + 10 = 4*k. Let y = -9 + k. Let c(w) = -w**3 - 4*w**2 + 3*w - 5. Determine c(y).
5
Let w(o) = -o**2 - 7*o + 5. Let t be w(-7). Let i(d) = 0*d - 3 - t*d + 2*d + 2*d. What is i(4)?
-7
Let b(g) = g**3 - 4*g**2 - 1. Let i be (1 + -3)*(-5)/2. Suppose 3*c = 4 + i. Calculate b(c).
-10
Let f(j) = j + 12. Suppose 5*a + 47 + 3 = 0. Let u be f(a). Let p(b) = -b + 2. Determine p(u).
0
Suppose r - 13 = -5*n - 0*r, 4*r - 16 = -2*n. Let o(c) = -7*c + 3. Give o(n).
-11
Let k(w) be the third derivative of w**5/30 - w**4/6 - 5*w**3/6 + 5*w**2. Determine k(4).
11
Let y = 24 - 21. Let b(q) = -6 - 2*q**2 - 14*q**y + 8*q**2 + q + 15*q**3. Determine b(-6).
-12
Let o(a) = 2*a - 9. Let m(v) = v - 4. Let s(f) = -5*m(f) + 2*o(f). Calculate s(-5).
7
Let u(j) = 46*j - j**3 - j**3 + 2 - 45*j. Calculate u(-2).
16
Let v(z) = z**3 + 6*z**2 + 4*z - 14. Let h be v(-5). Let x(a) = -a**2 - 8*a + 2. Give x(h).
-7
Let k(w) = -7 + 29*w - 5 - 24*w + 3. Calculate k(6).
21
Let k = 7 + -11. Let q(l) = 2*l. Calculate q(k).
-8
Let k(u) = u**2 - 3*u + 1. Let d be k(4). Suppose 0 = -3*j - d*m - 25, 2 = -m - 0. Let c(v) = v**2 + 6*v - 6. Determine c(j).
-11
Suppose 2*d - d + 4*f = 6, 0 = 4*d - 2*f + 12. Let y(m) = 3*m + 2. What is y(d)?
-4
Let s(x) be the third derivative of x**6/360 + x**5/20 - x**4/24 + x**3/6 + 2*x**2. Let h(w) be the first derivative of s(w). Determine h(-5).
-6
Let w(t) be the third derivative of 4*t**5/15 + 8*t**2. What is w(1)?
16
Suppose 0 = -3*f + 7 - 4. Let s(t) = 2*t - f + t - 4*t. Calculate s(3).
-4
Let n = -1 - 0. Let z(f) = -11*f - 1. Let h(a) be the first derivative of -33*a**2/2 - 3*a - 2. Let k(y) = -2*h(y) + 7*z(y). Determine k(n).
10
Let q(f) = -f**2 - 9*f - 3. Let x(u) = u + 7. Let p be x(-5). Let y(j) = -2*j**2 + 1 - 21*j + 6*j - p*j - 7. Let n(m) = -5*q(m) + 3*y(m). What is n(-5)?
2
Let z(v) = -4*v. Let r be z(-1). Suppose 0*i = 4*i - r. Let p(y) be the second derivative of y**3/6 - y**2/2 + 14*y. Give p(i).
0
Let g(r) = r - 2. Let t be (2/8)/(1/12). Let k(v) = -5*v**2 - 7*v - 4. Let y(a) = a**2 + a. Let q(o) = -k(o) - 6*y(o). Let h be q(t). Calculate g(h).
-4
Suppose -5*o + 4*o = -3. Let x(j) = j**3 - 4*j**2 + 3*j + 4. What is x(o)?
4
Let a(j) = -2*j + 1. Suppose -3*z + 28 = 5*h, 0 = -2*z - h - 4*h + 22. Calculate a(z).
-11
Let z(y) = -7 + 0*y**2 + 5 + y**2 - 2*y. Let c = -6 - -3. Let m be c*3/(-18)*6. What is z(m)?
1
Suppose 0 = -5*y + y + 5*x + 13, 0 = -5*y + 4*x + 14. Let b(l) = -1 + 3*l**2 - y*l**2 - 2*l + l**2 + 4*l. Suppose 0 = -0*w + 5*w - 5. Give b(w).
3
Let z(u) = -u**3 + 14*u**2 + u - 12. Let r be z(14). Let w(s) = -5*s - 3*s**r + 0*s**2 + 4*s**2 + 5. Let c(b) = -4*b. Let h be c(-1). What is w(h)?
1
Let s be -4 + (2 - 0) - 0. Let l(g) = -3*g + 1 + 0*g - 5*g**2 - 2*g**2 + 3*g**2. Let w(c) = c**2 + c - 1. Let r(j) = l(j) + 2*w(j). Determine r(s).
-7
Let w(j) = 6. Let o(k) = -k - 12. Let i(h) = -2*o(h) - 5*w(h). Give i(9).
12
Suppose 3*c = 0, -3*m + 0 - 6 = c. Let h(k) be the first derivative of -2*k - 1/4*k**4 + 0*k**2 - 1/3*k**3 + 7. Determine h(m).
2
Suppose -2 = 2*m - 12. Let q(v) = -v**2 - 2*v - 1 + m*v - 2*v. Calculate q(0).
-1
Let b be (-6)/(-3) - (-1 + 1). Let u(r) = 3*r - r**b + 7*r**2 + r**2. Let l(s) = 3*s**2 + s. Let j(d) = -5*l(d) + 2*u(d). Determine j(3).
-6
Let m(d) be the first derivative of 1/3*d**3 + 5/2*d**2 - 2 + 3*d. Calculate m(-5).
3
Let k(n) = n**2 + 7*n + 9. Let j(o) = 2*o**2 + 2*o. Let q be j(-2). Suppose m = q*m. Suppose 3*l + 21 = -s, l - 4*s + m = 6. Calculate k(l).
3
Let b(v) = 0 + 3*v - 6 + 4 - v**2. Let a = 5 + -1. Suppose 5 = a*h - 11. Give b(h).
-6
Let u(s) be the third derivative of -s**6/120 + s**5/60 - s**4/24 + s**3/6 + 63*s**2. Calculate u(0).
1
Let d(t) = -4*t**3 + t. Let o be d(1). Let c be 9/o + 1/1. Let l(u) be the third derivative of -u**5/60 - u**4/24 - u**3/6 + 50*u**2. Give l(c).
-3
Let s(z) = -5*z + z**2 - 39 + 0*z**2 + 41. Let j be -1 - (-2*1 + -1). Give s(j).
-4
Let r(i) be the third derivative of i**9/60480 + i**8/5040 - i**7/2520 - i**5/15 - i**2. Let h(f) be the third derivative of r(f). Determine h(-4).
8
Let u(s) = -s**3 + s**2 + s + 24. Let y = -92 - -92. Det